e?
True
Is (20 + 11813490/72)*8/6 prime?
False
Let g(s) = 39 - 22*s - 16 + 44 + 28 + 40. Is g(-10) a composite number?
True
Suppose -5*q - 128 = -7*q. Let a = q + -80. Is (194/4)/(a/(-32)) composite?
False
Let k(w) = 0*w**3 - 5 + 5 - 1 - 4*w**3. Let p be k(-1). Is 3 - (-1386 - 9/p - 1) a composite number?
True
Let x be ((-110)/(-11))/((5 - 2) + -1). Suppose x*b - b - 5*a = 7036, 5*b = 5*a + 8795. Is b a composite number?
False
Suppose -231 = 14*n - 35*n. Is n - -1962 - 12/3 a prime number?
False
Suppose -4*o + 9*o - t - 3 = 0, 3*t = 5*o - 9. Suppose -4*y + 5*k + 156044 = o, 3*k - 2*k = 3*y - 117033. Is y composite?
True
Let d = 2132532 - 1318855. Is d a composite number?
False
Suppose 7*f + 1144 = 9*f. Let z = -501 + 152. Let y = z + f. Is y a composite number?
False
Suppose 0 = 12*m - 18*m. Suppose m = -y - 5, 4*i - 8*y - 3639 = -9*y. Is i composite?
False
Let i be (6/9*3 + 6)/2. Let m be 285 + 2/2*i. Let z = m - -612. Is z composite?
True
Suppose 4*s + 286941 = n, -489208 = 4*n - 4*s - 1637068. Is n a prime number?
True
Suppose -56 = 2*o - 36. Is 3338/1*(105/10 + o) a prime number?
True
Let n = -36742 - -179055. Is n prime?
False
Suppose -3*v + 870 = -597. Let h = v - -208. Let c = h - -1452. Is c prime?
False
Let p = 154 - 755. Let v = p + 1366. Suppose v + 188 = c. Is c a prime number?
True
Let g = -30932 - -155461. Is g prime?
True
Let b be ((-48162)/(-90) - -1) + 2/(-15). Let v be (b/24 - 4/(-6))*-388. Is 3/(-4) - 1/(16/v) a prime number?
True
Let c = 38 - 34. Suppose 5*i + 3*k - 4*k - 21269 = 0, 0 = -c*i + 5*k + 17032. Is i a composite number?
False
Let j = 45689 + -30706. Is j composite?
False
Let l(x) = 219*x**2 - x + 1. Let g be l(1). Let u = 336 - g. Suppose u = -4*f + 1129. Is f a prime number?
False
Let o = 59 + -63. Is (42/o - (-8 - -3))*-2426 composite?
True
Suppose 666597 = 3*d + 106*z - 104*z, -3*d + 2*z = -666561. Is d composite?
False
Let g = 981 + -413. Suppose -u = -v - g - 2052, -5*v = 2*u - 5219. Is u prime?
True
Suppose -22 + 34 = -3*c. Let k be (-3525)/2*c/3. Let p = 3527 - k. Is p a composite number?
True
Let b(u) = u**2 + 7*u + 10. Suppose -4*m + 37 = 61. Let t be b(m). Suppose 4*l - 4439 = -3*d, 5*l - l = t*d - 5900. Is d composite?
True
Let t be ((-516)/215)/((-2)/(-475)). Let d = 1153 + t. Is d composite?
True
Suppose 2*k - 296 = 498. Is (k/(-5))/(5/(-25)) a composite number?
False
Is (0 + 1)*(5 + 26 + 278512) a prime number?
True
Suppose 2*y - 48 = 5*p, -4*y - y + 147 = p. Suppose 32071 = 42*t - y*t. Is t a prime number?
True
Suppose 53*s - 50*s = 60519. Let g = -13290 + s. Is g a composite number?
False
Let h = -1768 + 3956. Let u = h - -7105. Is u a composite number?
False
Is (206/(-6) + 2)/(123/(-2091861)) a composite number?
True
Let n be 21/36*3 - 17/(-68). Let q(i) = 256*i**3 - i**2 - 3*i + 1. Is q(n) a composite number?
False
Let c(x) = 12*x**2 - 58*x - 207. Is c(-40) a composite number?
False
Suppose 0 = c + 3*q - 7*q + 13, -4*c + 32 = 5*q. Suppose -25827 = 2*l - 3*d + 2*d, -3*d = -c*l - 38739. Is l/(-22) + (0 - 0)/1 composite?
False
Let r be (-6 - 78/(-12))*-2. Is 4/26*r - (-245352)/104 prime?
False
Let t be (5 - 28/8) + 23073/(-2). Let s be (-1)/(-6) + t/(-18). Suppose -4*o = -s - 211. Is o a composite number?
True
Let j be -10 + (8 - 4) + 4980. Let v = j - -2069. Is v composite?
False
Suppose -780761 = -4*n - 3*p + 639977, -18 = -9*p. Is n a prime number?
False
Let z = -10 + 21. Let b(h) = 31*h**3 - 19*h**2 + 26*h + 7. Let c(y) = -5*y**3 + y**2. Let r(t) = b(t) + 6*c(t). Is r(z) a composite number?
True
Suppose 2*v + 5*y - 22 = -0*v, 5*v + 2*y = 13. Is 4/(-3)*((-7510)/20 - v) composite?
True
Let p(s) = 7*s**3 - 4*s + 2. Let m be p(2). Suppose 7*l = 2*l - m. Is 4/l + 102564/60 a prime number?
True
Let z(u) = 2466*u + 60. Let v be z(14). Suppose -9*t + 4*t = 4*d - v, 3*d = 4*t + 25907. Is d composite?
False
Is 1*(-764023)/117*-9 a composite number?
False
Suppose -3*a - 112616 = -o - 4*a, 3*o = 2*a + 337873. Is o composite?
False
Let c(r) = -3646*r**2 - 16*r + 10. Let g(y) = -1215*y**2 - 5*y + 3. Let i(x) = 2*c(x) - 7*g(x). Let p be i(-2). Suppose 4*k - p = 191. Is k a composite number?
False
Let g(a) = -a**2 + 6*a + 18. Let n be g(8). Let l be 75/65 - (n + 72/(-39)). Is ((-1)/(-3) - 25466/(-21))*l a composite number?
False
Let f(c) = 2167*c**3 - 10*c**2 + c + 29. Is f(2) a composite number?
False
Let t(j) = j. Suppose -4 = 10*l - 8*l. Let o(k) = 19*k + 23. Let i(d) = l*t(d) - o(d). Is i(-20) a composite number?
False
Let o be 126/36*(6 + 0). Is 3/o - (-5286)/42 - -1 a composite number?
False
Let i(j) = -2*j - 51. Let a = 103 - 118. Let d be i(a). Let g(q) = q**2 + 6*q + 26. Is g(d) composite?
True
Let u = 261 - -379. Suppose -4*i + 152 + u = 0. Suppose n = -4*s + i, -2*s + 5*s - 844 = -4*n. Is n a prime number?
False
Suppose 2*c = 2*b + 4, c = -3*b + 11 + 3. Is (1/b)/(22/75966) a composite number?
False
Suppose 21*h = 1770041 + 930370. Is h a prime number?
True
Let f(k) = 32*k**2 - 261*k - 24. Is f(15) a composite number?
True
Is (5*(-6734)/520)/(1 - (-5)/(-4)) a composite number?
True
Let q = -429654 + 880295. Is q a composite number?
False
Suppose 0 = 2*r - 33 + 7. Suppose r*s - 5*s = 1032. Let g = 56 + s. Is g a prime number?
False
Let t be (-1 + 4 - 10)*-1. Suppose 2*c = -m + 1733, m = -t*c + 6*c + 1736. Is m prime?
False
Suppose -909*h - 48453 = -912*h. Is h composite?
True
Let m(k) = 11975*k**2 - 15*k + 5. Let a(v) = -7*v - 30. Let l be a(-4). Is m(l) a composite number?
True
Suppose 3*s + 6 = 21. Suppose 0 = -3*y - 0*y - s*l + 768, 4*y + 4*l - 1032 = 0. Suppose 4*v - y = 3*v + 5*r, -2*v - r + 500 = 0. Is v a composite number?
False
Let c be 105/(-15) - (-21 + 2). Let i(u) = 5*u**2 + 23*u + 41. Is i(c) prime?
False
Let w = -478 + 481. Let m(v) = 2 + 8 + 32*v**2 + 88*v**2 - 3*v. Is m(w) a prime number?
False
Let j(d) = 126*d + 5. Let b(w) = w**3 - 3*w**2 - 3*w - 4. Let i be b(4). Suppose 2*r + 2 - 12 = i. Is j(r) a prime number?
False
Let z(f) = f**3 - 3*f**2 + 6*f - 7. Let b be z(3). Let h(p) = 2360*p + 213. Is h(b) composite?
True
Let y = 10 + -6. Suppose -12 = -3*z, 3*i - 8*i = z - 36354. Suppose -5*r + 4*c + i = -2431, 0 = y*r + 3*c - 7736. Is r a composite number?
True
Is ((21/(-77))/((-18)/(-99)))/((-6)/52252) composite?
False
Suppose 3*i = -2*d - 2, 2*i - 5*d = -12 + 36. Suppose 1540 = -7*c + 22498. Suppose 8*l - i*l = c. Is l composite?
False
Suppose 0*g - 4 = 3*g - c, 2*g = -c - 1. Let r be (13/(-39))/(g - 11210/(-11211)). Suppose 0 = a - 3*h - r + 789, a = -h + 2960. Is a composite?
False
Suppose -17*d - 81 = -217. Suppose 0 = d*w + 2*w - 113510. Is w a prime number?
True
Is -11 + 59781 - ((-1)/1)/(7 - 6) prime?
True
Let g(v) = 7*v + v**2 - 24*v - 492*v**3 - 4 + 1 + 16*v. Is g(-1) prime?
True
Is 3/18 + (8/(-3) - (-291711)/2) prime?
False
Let k(i) = -2439*i - 1 - 61 - 17 - 1574*i - 5. Is k(-7) prime?
False
Let z(p) = 1066*p**2 - p - 2. Let n be z(2). Suppose -32515 = -5*x + n. Suppose 4*u + u - x = 0. Is u a composite number?
False
Suppose 1023734 = 110*f + 126904. Is f composite?
True
Let h = 318 - -378. Suppose -h = -6*j + 906. Is j a composite number?
True
Let y be 9/((-54)/(-34600))*6/4. Suppose w + 4*w = -25, -2*m = -4*w - y. Is m prime?
False
Is (-12)/78 - 9/(468/(-8497900)) prime?
False
Let w(l) be the third derivative of -203*l**4/24 - 5*l**3/3 + 139*l**2. Is w(-7) a composite number?
True
Let v(p) = -p - 1. Let u(o) = 2*o**2 + 20*o - 71. Let a(i) = u(i) + 5*v(i). Is a(6) composite?
True
Let d(u) = 13847*u - 5995. Is d(46) a prime number?
True
Let y = 587 + 1384. Suppose 583 + y = 2*a. Is a a composite number?
False
Suppose -97452 - 99191 = -u. Is u composite?
False
Let a(m) = -37*m**3 + 78*m**2 - 4*m - 4. Is a(-13) prime?
False
Suppose -k - 38 = -f + 2, 2*f + 4*k - 80 = 0. Suppose 4*b - f*p = -37*p + 47813, -35846 = -3*b + 5*p. Is b composite?
True
Let r(i) = 5939*i + 2. Let m = -70 + 71. Is r(m) a composite number?
True
Let c(t) = -53*t**2 + 7*t - 9. Let d(a) = -54*a**2 + 7*a - 10. Let z(j) = -7*c(j) + 6*d(j). Let h be z(5). Suppose 0 = -14*b + 5*b + h. Is b a composite number?
False
Let f(h) = -h**2 + 20*h + 49. Let a be f(22). Suppose 6*j - a*j - r - 27633 = 0, 2*j = -5*r + 55238. Is j a composite number?
True
Suppose 5*s = -2*o - 755, -o = 4*s - 5*o + 576. Let g(j) = 25*j 